{"id":16369,"date":"2026-08-26T10:38:24","date_gmt":"2026-08-26T08:38:24","guid":{"rendered":"https:\/\/soignerenperigord.fr\/?page_id=16369"},"modified":"2026-08-26T10:44:25","modified_gmt":"2026-08-26T08:44:25","slug":"france-travail","status":"publish","type":"page","link":"https:\/\/soignerenperigord.fr\/?page_id=16369","title":{"rendered":"France Travail"},"content":{"rendered":"<div id='av_section_1'  class='avia-section av-h7f6x6-16813b2442cd0879cd953a9a0ad0977f alternate_color avia-section-default avia-no-border-styling  avia-builder-el-0  avia-builder-el-no-sibling  avia-bg-style-scroll container_wrap sidebar_right'  ><div class='container av-section-cont-open' ><main  role=\"main\" itemprop=\"mainContentOfPage\"  class='template-page content  av-content-small alpha units'><div class='post-entry post-entry-type-page post-entry-16369'><div class='entry-content-wrapper clearfix'>\n\n<style type=\"text\/css\" data-created_by=\"avia_inline_auto\" id=\"style-css-av-weyi2-0615eb989164fa3c9e907b3e228733c0\">\n.flex_column.av-weyi2-0615eb989164fa3c9e907b3e228733c0{\n-webkit-border-radius:0px 0px 0px 0px;\n-moz-border-radius:0px 0px 0px 0px;\nborder-radius:0px 0px 0px 0px;\npadding:0px 0px 0px 0px;\n}\n<\/style>\n<div class='flex_column av-weyi2-0615eb989164fa3c9e907b3e228733c0 av_one_third  avia-builder-el-1  el_before_av_two_third  avia-builder-el-first  first flex_column_div av-zero-column-padding '     ><p>\n<style type=\"text\/css\" data-created_by=\"avia_inline_auto\" id=\"style-css-av-juwczyi2-22-5eed1aa329a164c5bfff5353ef5f91bd\">\n#top .hr.hr-invisible.av-juwczyi2-22-5eed1aa329a164c5bfff5353ef5f91bd{\nheight:8px;\n}\n<\/style>\n<div  class='hr av-juwczyi2-22-5eed1aa329a164c5bfff5353ef5f91bd hr-invisible  avia-builder-el-2  el_before_av_image  avia-builder-el-first '><span class='hr-inner '><span class=\"hr-inner-style\"><\/span><\/span><\/div><br \/>\n\n<style type=\"text\/css\" data-created_by=\"avia_inline_auto\" id=\"style-css-av-s0xea1-b594c2f2a0477c17b6c97e11103c07b7\">\n.avia-image-container.av-s0xea1-b594c2f2a0477c17b6c97e11103c07b7 img.avia_image{\nbox-shadow:none;\n}\n.avia-image-container.av-s0xea1-b594c2f2a0477c17b6c97e11103c07b7 .av-image-caption-overlay-center{\ncolor:#ffffff;\n}\n<\/style>\n<div  class='avia-image-container av-s0xea1-b594c2f2a0477c17b6c97e11103c07b7 av-styling- avia-align-center  avia-builder-el-3  el_after_av_hr  el_before_av_image '   itemprop=\"image\" itemscope=\"itemscope\" itemtype=\"https:\/\/schema.org\/ImageObject\" ><div class=\"avia-image-container-inner\"><div class=\"avia-image-overlay-wrap\"><img decoding=\"async\" class='wp-image-16371 avia-img-lazy-loading-not-16371 avia_image ' src=\"https:\/\/soignerenperigord.fr\/wp-content\/uploads\/2026\/08\/FRANCE-TRAVAIL-01-293x300.png\" alt='' title='FRANCE TRAVAIL 01'  height=\"300\" width=\"293\"  itemprop=\"thumbnailUrl\" srcset=\"https:\/\/soignerenperigord.fr\/wp-content\/uploads\/2026\/08\/FRANCE-TRAVAIL-01-293x300.png 293w, https:\/\/soignerenperigord.fr\/wp-content\/uploads\/2026\/08\/FRANCE-TRAVAIL-01-36x36.png 36w, https:\/\/soignerenperigord.fr\/wp-content\/uploads\/2026\/08\/FRANCE-TRAVAIL-01.png 609w\" sizes=\"(max-width: 293px) 100vw, 293px\" \/><\/div><\/div><\/div><br \/>\n\n<style type=\"text\/css\" data-created_by=\"avia_inline_auto\" id=\"style-css-av-jqj1yp-59e7f83a5b4ca557e44434c313de2131\">\n.avia-image-container.av-jqj1yp-59e7f83a5b4ca557e44434c313de2131 img.avia_image{\nbox-shadow:none;\n}\n.avia-image-container.av-jqj1yp-59e7f83a5b4ca557e44434c313de2131 .av-image-caption-overlay-center{\ncolor:#ffffff;\n}\n<\/style>\n<div  class='avia-image-container av-jqj1yp-59e7f83a5b4ca557e44434c313de2131 av-styling- avia-align-center  avia-builder-el-4  el_after_av_image  avia-builder-el-last '   itemprop=\"image\" itemscope=\"itemscope\" itemtype=\"https:\/\/schema.org\/ImageObject\" ><div class=\"avia-image-container-inner\"><div class=\"avia-image-overlay-wrap\"><img decoding=\"async\" class='wp-image-16377 avia-img-lazy-loading-not-16377 avia_image ' src=\"https:\/\/soignerenperigord.fr\/wp-content\/uploads\/2026\/08\/FRANCE-TRAVAIL-02-300x251.png\" alt='' title='FRANCE TRAVAIL 02'  height=\"251\" width=\"300\"  itemprop=\"thumbnailUrl\" srcset=\"https:\/\/soignerenperigord.fr\/wp-content\/uploads\/2026\/08\/FRANCE-TRAVAIL-02-300x251.png 300w, https:\/\/soignerenperigord.fr\/wp-content\/uploads\/2026\/08\/FRANCE-TRAVAIL-02-768x644.png 768w, https:\/\/soignerenperigord.fr\/wp-content\/uploads\/2026\/08\/FRANCE-TRAVAIL-02-705x591.png 705w, https:\/\/soignerenperigord.fr\/wp-content\/uploads\/2026\/08\/FRANCE-TRAVAIL-02.png 890w\" sizes=\"(max-width: 300px) 100vw, 300px\" \/><\/div><\/div><\/div><\/p><\/div>\n<style type=\"text\/css\" data-created_by=\"avia_inline_auto\" id=\"style-css-av-weyi2-21-b5b230aa278198f4728082bdcc1f227e\">\n.flex_column.av-weyi2-21-b5b230aa278198f4728082bdcc1f227e{\n-webkit-border-radius:0px 0px 0px 0px;\n-moz-border-radius:0px 0px 0px 0px;\nborder-radius:0px 0px 0px 0px;\npadding:0px 0px 0px 0px;\n}\n<\/style>\n<div class='flex_column av-weyi2-21-b5b230aa278198f4728082bdcc1f227e av_two_third  avia-builder-el-5  el_after_av_one_third  avia-builder-el-last  flex_column_div av-zero-column-padding '     ><section  class='av_textblock_section av-mt1it7g6-fa2232c8926767ab99f496a3c8d76162'  itemscope=\"itemscope\" itemtype=\"https:\/\/schema.org\/CreativeWork\" ><div class='avia_textblock'  itemprop=\"text\" ><p><strong>FRANCE TRAVAIL est le service public de l&#8217;emploi en France.<\/strong><\/p>\n<p>Cet organisme aide les personnes sans emploi \u00e0 retrouver un travail, verse les allocations de ch\u00f4mage et aide les entreprises \u00e0 recruter.<\/p>\n<p>Pour b\u00e9n\u00e9ficier de ce service, l&#8217;inscription est obligatoire et possible dans les cas suivants :<\/p>\n<ul>\n<li>avoir la nationalit\u00e9 fran\u00e7aise<\/li>\n<li>avoir la mention &#8216;autorisation\u00a0 de travailler en France&#8217; sur le titre de s\u00e9jour<\/li>\n<\/ul>\n<p>Pour en savoir plus :<\/p>\n<ul>\n<li>un moteur de recherche qui analyse des millions de recrutements et propose des entreprises : <a href=\"https:\/\/www.emploi-store.fr\/portail\/services\/laBonneBoite\" target=\"_blank\" rel=\"noopener\">la Bonne Boite<\/a><\/li>\n<li>des rencontres avec des professionnels, afin de mieux comprendre les m\u00e9tiers : <a href=\"https:\/\/www.francetravail.fr\/candidat\/vos-recherches\/reseautage\/recherche-emploi-my-job-glasses.html\" target=\"_blank\" rel=\"noopener\">My Job Glasses<\/a><\/li>\n<li>une s\u00e9lection de sites web et applications mobiles d\u00e9di\u00e9s : <a href=\"https:\/\/www.emploi-store.fr\/portail\/accueil\" target=\"_blank\" rel=\"noopener\">Emploi Store<\/a><\/li>\n<li>des vid\u00e9os sur <a href=\"https:\/\/www.youtube.com\/user\/Poleemploi\" target=\"_blank\" rel=\"noopener\">Youtube<\/a><\/li>\n<\/ul>\n<p>Contact :<\/p>\n<ul>\n<li>candidat : pour \u00e9changer rapidement avec un conseiller de FRANCE TRAVAIL<\/li>\n<\/ul>\n<p><img decoding=\"async\" loading=\"lazy\" class=\"alignnone size-full wp-image-16403\" src=\"https:\/\/soignerenperigord.fr\/wp-content\/uploads\/2026\/08\/FRANCE-TRAVAIL-03-1.png\" alt=\"\" width=\"286\" height=\"86\" \/><\/p>\n<ul>\n<li>employeur : pour vos projets de recrutement, le d\u00e9p\u00f4t d&#8217;offre d&#8217;emploi, les aides \u00e0 l&#8217;embauche et les conseils RH<\/li>\n<\/ul>\n<p><img decoding=\"async\" loading=\"lazy\" class=\"size-full wp-image-16404 alignleft\" src=\"https:\/\/soignerenperigord.fr\/wp-content\/uploads\/2026\/08\/FRANCE-TRAVAIL-04-1.png\" alt=\"\" width=\"209\" height=\"63\" \/><\/p>\n<\/div><\/section><\/div><\/div><\/div><\/main><!-- close content main element --><\/div><\/div><div id='after_section_1'  class='main_color av_default_container_wrap container_wrap sidebar_right'  ><div class='container av-section-cont-open' ><div class='template-page content  av-content-small alpha units'><div class='post-entry post-entry-type-page post-entry-16369'><div class='entry-content-wrapper clearfix'>\n","protected":false},"excerpt":{"rendered":"","protected":false},"author":20,"featured_media":0,"parent":0,"menu_order":0,"comment_status":"closed","ping_status":"closed","template":"","meta":[],"acf":[],"yoast_head":"<!-- This site is optimized with the Yoast SEO plugin v19.13 - https:\/\/yoast.com\/wordpress\/plugins\/seo\/ -->\n<title>France Travail - SoignerEnPerigord<\/title>\n<meta name=\"robots\" content=\"index, follow, max-snippet:-1, max-image-preview:large, max-video-preview:-1\" \/>\n<link rel=\"canonical\" href=\"https:\/\/soignerenperigord.fr\/?page_id=16369\" \/>\n<meta property=\"og:locale\" content=\"fr_FR\" \/>\n<meta property=\"og:type\" content=\"article\" \/>\n<meta property=\"og:title\" content=\"France Travail - SoignerEnPerigord\" \/>\n<meta property=\"og:url\" content=\"https:\/\/soignerenperigord.fr\/?page_id=16369\" \/>\n<meta property=\"og:site_name\" content=\"SoignerEnPerigord\" \/>\n<meta property=\"article:modified_time\" content=\"2026-08-26T08:44:25+00:00\" \/>\n<meta property=\"og:image\" content=\"https:\/\/soignerenperigord.fr\/wp-content\/uploads\/2026\/08\/FRANCE-TRAVAIL-03-1.png\" \/>\n<meta name=\"twitter:card\" content=\"summary_large_image\" \/>\n<meta name=\"twitter:label1\" content=\"Est. reading time\" \/>\n\t<meta name=\"twitter:data1\" content=\"3 minutes\" \/>\n<script type=\"application\/ld+json\" class=\"yoast-schema-graph\">{\"@context\":\"https:\/\/schema.org\",\"@graph\":[{\"@type\":\"WebPage\",\"@id\":\"https:\/\/soignerenperigord.fr\/?page_id=16369\",\"url\":\"https:\/\/soignerenperigord.fr\/?page_id=16369\",\"name\":\"France Travail - SoignerEnPerigord\",\"isPartOf\":{\"@id\":\"https:\/\/soignerenperigord.fr\/#website\"},\"datePublished\":\"2026-08-26T08:38:24+00:00\",\"dateModified\":\"2026-08-26T08:44:25+00:00\",\"breadcrumb\":{\"@id\":\"https:\/\/soignerenperigord.fr\/?page_id=16369#breadcrumb\"},\"inLanguage\":\"fr-FR\",\"potentialAction\":[{\"@type\":\"ReadAction\",\"target\":[\"https:\/\/soignerenperigord.fr\/?page_id=16369\"]}]},{\"@type\":\"BreadcrumbList\",\"@id\":\"https:\/\/soignerenperigord.fr\/?page_id=16369#breadcrumb\",\"itemListElement\":[{\"@type\":\"ListItem\",\"position\":1,\"name\":\"Home\",\"item\":\"https:\/\/soignerenperigord.fr\/?page_id=1809\"},{\"@type\":\"ListItem\",\"position\":2,\"name\":\"France Travail\"}]},{\"@type\":\"WebSite\",\"@id\":\"https:\/\/soignerenperigord.fr\/#website\",\"url\":\"https:\/\/soignerenperigord.fr\/\",\"name\":\"SoignerEnPerigord\",\"description\":\"Un site utilisant WordPress\",\"potentialAction\":[{\"@type\":\"SearchAction\",\"target\":{\"@type\":\"EntryPoint\",\"urlTemplate\":\"https:\/\/soignerenperigord.fr\/?s={search_term_string}\"},\"query-input\":\"required name=search_term_string\"}],\"inLanguage\":\"fr-FR\"}]}<\/script>\n<!-- \/ Yoast SEO plugin. -->","yoast_head_json":{"title":"France Travail - SoignerEnPerigord","robots":{"index":"index","follow":"follow","max-snippet":"max-snippet:-1","max-image-preview":"max-image-preview:large","max-video-preview":"max-video-preview:-1"},"canonical":"https:\/\/soignerenperigord.fr\/?page_id=16369","og_locale":"fr_FR","og_type":"article","og_title":"France Travail - SoignerEnPerigord","og_url":"https:\/\/soignerenperigord.fr\/?page_id=16369","og_site_name":"SoignerEnPerigord","article_modified_time":"2026-08-26T08:44:25+00:00","og_image":[{"url":"https:\/\/soignerenperigord.fr\/wp-content\/uploads\/2026\/08\/FRANCE-TRAVAIL-03-1.png"}],"twitter_card":"summary_large_image","twitter_misc":{"Est. reading time":"3 minutes"},"schema":{"@context":"https:\/\/schema.org","@graph":[{"@type":"WebPage","@id":"https:\/\/soignerenperigord.fr\/?page_id=16369","url":"https:\/\/soignerenperigord.fr\/?page_id=16369","name":"France Travail - SoignerEnPerigord","isPartOf":{"@id":"https:\/\/soignerenperigord.fr\/#website"},"datePublished":"2026-08-26T08:38:24+00:00","dateModified":"2026-08-26T08:44:25+00:00","breadcrumb":{"@id":"https:\/\/soignerenperigord.fr\/?page_id=16369#breadcrumb"},"inLanguage":"fr-FR","potentialAction":[{"@type":"ReadAction","target":["https:\/\/soignerenperigord.fr\/?page_id=16369"]}]},{"@type":"BreadcrumbList","@id":"https:\/\/soignerenperigord.fr\/?page_id=16369#breadcrumb","itemListElement":[{"@type":"ListItem","position":1,"name":"Home","item":"https:\/\/soignerenperigord.fr\/?page_id=1809"},{"@type":"ListItem","position":2,"name":"France Travail"}]},{"@type":"WebSite","@id":"https:\/\/soignerenperigord.fr\/#website","url":"https:\/\/soignerenperigord.fr\/","name":"SoignerEnPerigord","description":"Un site utilisant WordPress","potentialAction":[{"@type":"SearchAction","target":{"@type":"EntryPoint","urlTemplate":"https:\/\/soignerenperigord.fr\/?s={search_term_string}"},"query-input":"required name=search_term_string"}],"inLanguage":"fr-FR"}]}},"_links":{"self":[{"href":"https:\/\/soignerenperigord.fr\/index.php?rest_route=\/wp\/v2\/pages\/16369"}],"collection":[{"href":"https:\/\/soignerenperigord.fr\/index.php?rest_route=\/wp\/v2\/pages"}],"about":[{"href":"https:\/\/soignerenperigord.fr\/index.php?rest_route=\/wp\/v2\/types\/page"}],"author":[{"embeddable":true,"href":"https:\/\/soignerenperigord.fr\/index.php?rest_route=\/wp\/v2\/users\/20"}],"replies":[{"embeddable":true,"href":"https:\/\/soignerenperigord.fr\/index.php?rest_route=%2Fwp%2Fv2%2Fcomments&post=16369"}],"version-history":[{"count":24,"href":"https:\/\/soignerenperigord.fr\/index.php?rest_route=\/wp\/v2\/pages\/16369\/revisions"}],"predecessor-version":[{"id":16451,"href":"https:\/\/soignerenperigord.fr\/index.php?rest_route=\/wp\/v2\/pages\/16369\/revisions\/16451"}],"wp:attachment":[{"href":"https:\/\/soignerenperigord.fr\/index.php?rest_route=%2Fwp%2Fv2%2Fmedia&parent=16369"}],"curies":[{"name":"wp","href":"https:\/\/api.w.org\/{rel}","templated":true}]}}

<div id='av_section_1'  class='avia-section av-h7f6x6-16813b2442cd0879cd953a9a0ad0977f alternate_color avia-section-default avia-no-border-styling  avia-builder-el-0  avia-builder-el-no-sibling  avia-bg-style-scroll container_wrap sidebar_right'  ><div class='container av-section-cont-open' ><main  role="main" itemprop="mainContentOfPage"  class='template-page content  av-content-small alpha units'><div class='post-entry post-entry-type-page post-entry-16369'><div class='entry-content-wrapper clearfix'>

<style type="text/css" data-created_by="avia_inline_auto" id="style-css-av-weyi2-0615eb989164fa3c9e907b3e228733c0">
.flex_column.av-weyi2-0615eb989164fa3c9e907b3e228733c0{
-webkit-border-radius:0px 0px 0px 0px;
-moz-border-radius:0px 0px 0px 0px;
border-radius:0px 0px 0px 0px;
padding:0px 0px 0px 0px;
}
</style>
<div class='flex_column av-weyi2-0615eb989164fa3c9e907b3e228733c0 av_one_third  avia-builder-el-1  el_before_av_two_third  avia-builder-el-first  first flex_column_div av-zero-column-padding '     ><p>
<style type="text/css" data-created_by="avia_inline_auto" id="style-css-av-juwczyi2-22-5eed1aa329a164c5bfff5353ef5f91bd">
#top .hr.hr-invisible.av-juwczyi2-22-5eed1aa329a164c5bfff5353ef5f91bd{
height:8px;
}
</style>
<div  class='hr av-juwczyi2-22-5eed1aa329a164c5bfff5353ef5f91bd hr-invisible  avia-builder-el-2  el_before_av_image  avia-builder-el-first '><span class='hr-inner '><span class="hr-inner-style"></span></span></div><br />

<style type="text/css" data-created_by="avia_inline_auto" id="style-css-av-s0xea1-b594c2f2a0477c17b6c97e11103c07b7">
.avia-image-container.av-s0xea1-b594c2f2a0477c17b6c97e11103c07b7 img.avia_image{
box-shadow:none;
}
.avia-image-container.av-s0xea1-b594c2f2a0477c17b6c97e11103c07b7 .av-image-caption-overlay-center{
color:#ffffff;
}
</style>
<div  class='avia-image-container av-s0xea1-b594c2f2a0477c17b6c97e11103c07b7 av-styling- avia-align-center  avia-builder-el-3  el_after_av_hr  el_before_av_image '   itemprop="image" itemscope="itemscope" itemtype="https://schema.org/ImageObject" ><div class="avia-image-container-inner"><div class="avia-image-overlay-wrap"><img decoding="async" class='wp-image-16371 avia-img-lazy-loading-not-16371 avia_image ' src="https://soignerenperigord.fr/wp-content/uploads/2026/08/FRANCE-TRAVAIL-01-293x300.png" alt='' title='FRANCE TRAVAIL 01'  height="300" width="293"  itemprop="thumbnailUrl" srcset="https://soignerenperigord.fr/wp-content/uploads/2026/08/FRANCE-TRAVAIL-01-293x300.png 293w, https://soignerenperigord.fr/wp-content/uploads/2026/08/FRANCE-TRAVAIL-01-36x36.png 36w, https://soignerenperigord.fr/wp-content/uploads/2026/08/FRANCE-TRAVAIL-01.png 609w" sizes="(max-width: 293px) 100vw, 293px" /></div></div></div><br />

<style type="text/css" data-created_by="avia_inline_auto" id="style-css-av-jqj1yp-59e7f83a5b4ca557e44434c313de2131">
.avia-image-container.av-jqj1yp-59e7f83a5b4ca557e44434c313de2131 img.avia_image{
box-shadow:none;
}
.avia-image-container.av-jqj1yp-59e7f83a5b4ca557e44434c313de2131 .av-image-caption-overlay-center{
color:#ffffff;
}
</style>
<div  class='avia-image-container av-jqj1yp-59e7f83a5b4ca557e44434c313de2131 av-styling- avia-align-center  avia-builder-el-4  el_after_av_image  avia-builder-el-last '   itemprop="image" itemscope="itemscope" itemtype="https://schema.org/ImageObject" ><div class="avia-image-container-inner"><div class="avia-image-overlay-wrap"><img decoding="async" class='wp-image-16377 avia-img-lazy-loading-not-16377 avia_image ' src="https://soignerenperigord.fr/wp-content/uploads/2026/08/FRANCE-TRAVAIL-02-300x251.png" alt='' title='FRANCE TRAVAIL 02'  height="251" width="300"  itemprop="thumbnailUrl" srcset="https://soignerenperigord.fr/wp-content/uploads/2026/08/FRANCE-TRAVAIL-02-300x251.png 300w, https://soignerenperigord.fr/wp-content/uploads/2026/08/FRANCE-TRAVAIL-02-768x644.png 768w, https://soignerenperigord.fr/wp-content/uploads/2026/08/FRANCE-TRAVAIL-02-705x591.png 705w, https://soignerenperigord.fr/wp-content/uploads/2026/08/FRANCE-TRAVAIL-02.png 890w" sizes="(max-width: 300px) 100vw, 300px" /></div></div></div></p></div>
<style type="text/css" data-created_by="avia_inline_auto" id="style-css-av-weyi2-21-b5b230aa278198f4728082bdcc1f227e">
.flex_column.av-weyi2-21-b5b230aa278198f4728082bdcc1f227e{
-webkit-border-radius:0px 0px 0px 0px;
-moz-border-radius:0px 0px 0px 0px;
border-radius:0px 0px 0px 0px;
padding:0px 0px 0px 0px;
}
</style>
<div class='flex_column av-weyi2-21-b5b230aa278198f4728082bdcc1f227e av_two_third  avia-builder-el-5  el_after_av_one_third  avia-builder-el-last  flex_column_div av-zero-column-padding '     ><section  class='av_textblock_section av-mt1it7g6-fa2232c8926767ab99f496a3c8d76162'  itemscope="itemscope" itemtype="https://schema.org/CreativeWork" ><div class='avia_textblock'  itemprop="text" ><p><strong>FRANCE TRAVAIL est le service public de l&#8217;emploi en France.</strong></p>
<p>Cet organisme aide les personnes sans emploi à retrouver un travail, verse les allocations de chômage et aide les entreprises à recruter.</p>
<p>Pour bénéficier de ce service, l&#8217;inscription est obligatoire et possible dans les cas suivants :</p>
<ul>
<li>avoir la nationalité française</li>
<li>avoir la mention &#8216;autorisation  de travailler en France&#8217; sur le titre de séjour</li>
</ul>
<p>Pour en savoir plus :</p>
<ul>
<li>un moteur de recherche qui analyse des millions de recrutements et propose des entreprises : <a href="https://www.emploi-store.fr/portail/services/laBonneBoite" target="_blank" rel="noopener">la Bonne Boite</a></li>
<li>des rencontres avec des professionnels, afin de mieux comprendre les métiers : <a href="https://www.francetravail.fr/candidat/vos-recherches/reseautage/recherche-emploi-my-job-glasses.html" target="_blank" rel="noopener">My Job Glasses</a></li>
<li>une sélection de sites web et applications mobiles dédiés : <a href="https://www.emploi-store.fr/portail/accueil" target="_blank" rel="noopener">Emploi Store</a></li>
<li>des vidéos sur <a href="https://www.youtube.com/user/Poleemploi" target="_blank" rel="noopener">Youtube</a></li>
</ul>
<p>Contact :</p>
<ul>
<li>candidat : pour échanger rapidement avec un conseiller de FRANCE TRAVAIL</li>
</ul>
<p><img decoding="async" loading="lazy" class="alignnone size-full wp-image-16403" src="https://soignerenperigord.fr/wp-content/uploads/2026/08/FRANCE-TRAVAIL-03-1.png" alt="" width="286" height="86" /></p>
<ul>
<li>employeur : pour vos projets de recrutement, le dépôt d&#8217;offre d&#8217;emploi, les aides à l&#8217;embauche et les conseils RH</li>
</ul>
<p><img decoding="async" loading="lazy" class="size-full wp-image-16404 alignleft" src="https://soignerenperigord.fr/wp-content/uploads/2026/08/FRANCE-TRAVAIL-04-1.png" alt="" width="209" height="63" /></p>
</div></section></div></div></div></main><!-- close content main element --></div></div><div id='after_section_1'  class='main_color av_default_container_wrap container_wrap sidebar_right'  ><div class='container av-section-cont-open' ><div class='template-page content  av-content-small alpha units'><div class='post-entry post-entry-type-page post-entry-16369'><div class='entry-content-wrapper clearfix'>
