{"id":10307,"date":"2023-12-06T09:31:31","date_gmt":"2023-12-06T08:31:31","guid":{"rendered":"https:\/\/soignerenperigord.fr\/?page_id=10307"},"modified":"2026-08-20T10:59:40","modified_gmt":"2026-08-20T08:59:40","slug":"demande-emploi","status":"publish","type":"page","link":"https:\/\/soignerenperigord.fr\/?page_id=10307","title":{"rendered":"Demande emploi"},"content":{"rendered":"<div id='av_section_1'  class='avia-section av-2e4aqcj-f05e77dd8921880f869855d5ac003173 main_color avia-section-default avia-no-border-styling  avia-builder-el-0  avia-builder-el-no-sibling  avia-bg-style-scroll container_wrap sidebar_right'  ><div class='container av-section-cont-open' ><main  role=\"main\" itemprop=\"mainContentOfPage\"  class='template-page content  av-content-small alpha units'><div class='post-entry post-entry-type-page post-entry-10307'><div class='entry-content-wrapper clearfix'>\n\n<style type=\"text\/css\" data-created_by=\"avia_inline_auto\" id=\"style-css-av-1xlvjz7-21b778601c2da3192bef4c670ef58452\">\n.flex_column.av-1xlvjz7-21b778601c2da3192bef4c670ef58452{\n-webkit-border-radius:0px 0px 0px 0px;\n-moz-border-radius:0px 0px 0px 0px;\nborder-radius:0px 0px 0px 0px;\npadding:0px 0px 0px 0px;\n}\n<\/style>\n<div class='flex_column av-1xlvjz7-21b778601c2da3192bef4c670ef58452 av_one_full  avia-builder-el-1  el_before_av_one_half  avia-builder-el-first  first flex_column_div av-zero-column-padding '     ><style type=\"text\/css\" data-created_by=\"avia_inline_auto\" id=\"style-css-av-1svwarn-6f6073afc4c232433f74987589968f99\">\n#top .av-special-heading.av-1svwarn-6f6073afc4c232433f74987589968f99{\npadding-bottom:10px;\nfont-size:45px;\n}\nbody .av-special-heading.av-1svwarn-6f6073afc4c232433f74987589968f99 .av-special-heading-tag .heading-char{\nfont-size:25px;\n}\n#top #wrap_all .av-special-heading.av-1svwarn-6f6073afc4c232433f74987589968f99 .av-special-heading-tag{\nfont-size:45px;\n}\n.av-special-heading.av-1svwarn-6f6073afc4c232433f74987589968f99 .av-subheading{\nfont-size:15px;\n}\n\n@media only screen and (min-width: 480px) and (max-width: 767px){ \n#top #wrap_all .av-special-heading.av-1svwarn-6f6073afc4c232433f74987589968f99 .av-special-heading-tag{\nfont-size:0.8em;\n}\n}\n\n@media only screen and (max-width: 479px){ \n#top #wrap_all .av-special-heading.av-1svwarn-6f6073afc4c232433f74987589968f99 .av-special-heading-tag{\nfont-size:0.8em;\n}\n}\n<\/style>\n<div  class='av-special-heading av-1svwarn-6f6073afc4c232433f74987589968f99 av-special-heading-h2 blockquote modern-quote modern-centered  avia-builder-el-2  avia-builder-el-no-sibling  av-inherit-size av-linked-heading'><h2 class='av-special-heading-tag'  itemprop=\"headline\"  >DEMANDE D\u2019EMPLOI<\/h2><div class=\"special-heading-border\"><div class=\"special-heading-inner-border\"><\/div><\/div><\/div><\/div><div class='flex_column av-4fqtk3-90084a2a8f6dccc2bf34ecb9f392e829 av_one_half  avia-builder-el-3  el_after_av_one_full  el_before_av_one_half  first flex_column_div column-top-margin'     ><section  class='av_textblock_section av-lptjwflo-de62dae71fbd40757491677bff7c23c8'  itemscope=\"itemscope\" itemtype=\"https:\/\/schema.org\/CreativeWork\" ><div class='avia_textblock'  itemprop=\"text\" ><p><img decoding=\"async\" loading=\"lazy\" class=\"alignnone  wp-image-10316\" src=\"https:\/\/soignerenperigord.fr\/wp-content\/uploads\/2023\/12\/demande-emploi-02-300x170.png\" alt=\"\" width=\"476\" height=\"270\" srcset=\"https:\/\/soignerenperigord.fr\/wp-content\/uploads\/2023\/12\/demande-emploi-02-300x170.png 300w, https:\/\/soignerenperigord.fr\/wp-content\/uploads\/2023\/12\/demande-emploi-02-705x400.png 705w, https:\/\/soignerenperigord.fr\/wp-content\/uploads\/2023\/12\/demande-emploi-02.png 757w\" sizes=\"(max-width: 476px) 100vw, 476px\" \/><\/p>\n<\/div><\/section><\/div><div class='flex_column av-wmx14z-3f03ea859fac004d5eb1650514c65b78 av_one_half  avia-builder-el-5  el_after_av_one_half  el_before_av_image  flex_column_div column-top-margin'     ><section  class='av_textblock_section av-lptjx7wh-2d5d58a3a7bc2b4a890a68017bbe87d2'  itemscope=\"itemscope\" itemtype=\"https:\/\/schema.org\/CreativeWork\" ><div class='avia_textblock'  itemprop=\"text\" ><ul>\n<li>Aide soignante (DEAS), et titulaire du titre professionnel de secr\u00e9taire m\u00e9dicale, recherche un m\u00e9decin g\u00e9n\u00e9raliste ou sp\u00e9cialiste souhaitant accueillir une assistante m\u00e9dicale en alternance sur le secteur de PERIGUEUX jusqu&#8217;\u00e0 30 km aux environs. Pour tout renseignement, 07 87 02 92 27, <a href=\"mailto:alexandra.beuffeuil@orange.fr\">alexandra.beuffeuil@orange.fr<\/a><\/li>\n<li>Assistante m\u00e9dicale, PERIGUEUX et alentours, recherche poste en CDI plein temps, disponible \u00e0 partir de f\u00e9vrier. Pour tout renseignement, 06 78 87 01 82, <a href=\"mailto:emilie.coste4733@gmail.com\">emilie.coste4733@gmail.com<\/a><\/li>\n<li>Assistante m\u00e9dicale, secteur SAINT GERMAIN du SALEMBRE, recherche poste, 06 52 16 84 84, <a href=\"mailto:willdebo@hotmail.fr\">willdebo@hotmail.fr<\/a><\/li>\n<li>Assistante m\u00e9dicale, je recherche un poste, secteur EYLIAC, jusqu&#8217;\u00e0 30km. Mes coordonn\u00e9es : 06 70 95 67 40, <a href=\"mailto:christelle-doursenaud@orange.fr\">christelle-doursenaud@orange.fr<\/a><\/li>\n<li>Assistante m\u00e9dicale avec exp\u00e9rience, recherche poste secteur SAINT NEXANS (24520) jusqu&#8217;\u00e0 30km. Mes coordonn\u00e9es : 06 12 94 85 14, <a href=\"mailto:lippens-didier@orange.fr\" target=\"_blank\" rel=\"noopener\">lippens-didier@orange.fr<\/a><\/li>\n<li>Assistante m\u00e9dicale avec exp\u00e9rience, recherche poste mi-tmp, secteur SAINT ASTIER, jusqu&#8217;\u00e0 20km. Disponible \u00e0 partir du 1er ao\u00fbt 2025. Mes coordonn\u00e9es : 06 98 43 51 49, <a href=\"mailto:lasfarguettesarah@gmail.com\" target=\"_blank\" rel=\"noopener\">lasfarguettesarah@gmail.com<\/a><\/li>\n<li>Secr\u00e9taire m\u00e9dicale recherche poste en CDI mi-temps, secteur PERIGUEUX et alentours jusqu&#8217;\u00e0 20km. Bilingue anglais, disponible d\u00e8s le 1 er ao\u00fbt. Mes coordonn\u00e9es : 07 89 03 26 28, <a href=\"mailto:mariec.jamieson@gmail.com\" target=\"_blank\" rel=\"noopener\">mariec.jamieson@gmail.com<\/a><\/li>\n<li>Secr\u00e9taire m\u00e9dicale secteur LALINDE, BEAUMONT, BANEUIL, BELVES, BERGERAC, MAUZAC et GRAND CASTANG, recherche un poste de CDI \u00e0 temps plein. Mes coordonn\u00e9es : 06 51 28 28 93, <a href=\"mailto:sylvied54@yahoo.com\" target=\"_blank\" rel=\"noopener\">sylvied24@yahoo.com<\/a><\/li>\n<\/ul>\n<\/div><\/section><\/div>\n<style type=\"text\/css\" data-created_by=\"avia_inline_auto\" id=\"style-css-av-zqjt2b-45fcec0dcc2fe4243d240b4439047671\">\n.avia-image-container.av-zqjt2b-45fcec0dcc2fe4243d240b4439047671 img.avia_image{\nbox-shadow:none;\n}\n.avia-image-container.av-zqjt2b-45fcec0dcc2fe4243d240b4439047671 .av-image-caption-overlay-center{\ncolor:#ffffff;\n}\n<\/style>\n<div  class='avia-image-container av-zqjt2b-45fcec0dcc2fe4243d240b4439047671 av-styling- avia-align-center  avia-builder-el-7  el_after_av_one_half  avia-builder-el-last '   itemprop=\"image\" itemscope=\"itemscope\" itemtype=\"https:\/\/schema.org\/ImageObject\" ><div class=\"avia-image-container-inner\"><div class=\"avia-image-overlay-wrap\"><img decoding=\"async\" class='avia-img-lazy-loading-not- avia_image ' src=\"https:\/\/soignerenperigord.fr\/wp-content\/uploads\/2023\/12\/demande-emploi-01-300x282.png\" alt='' title=''   itemprop=\"thumbnailUrl\"  \/><\/div><\/div><\/div>\n<\/div><\/div><\/main><!-- close content main element --><\/div><\/div><div id='after_section_1'  class='main_color av_default_container_wrap container_wrap sidebar_right'  ><div class='container av-section-cont-open' ><div class='template-page content  av-content-small alpha units'><div class='post-entry post-entry-type-page post-entry-10307'><div class='entry-content-wrapper clearfix'>\n","protected":false},"excerpt":{"rendered":"","protected":false},"author":20,"featured_media":0,"parent":0,"menu_order":0,"comment_status":"closed","ping_status":"closed","template":"","meta":[],"acf":[],"yoast_head":"<!-- This site is optimized with the Yoast SEO plugin v19.13 - https:\/\/yoast.com\/wordpress\/plugins\/seo\/ -->\n<title>Demande emploi - SoignerEnPerigord<\/title>\n<meta name=\"description\" content=\"d\u00e9couvrez les demandes d&#039;emploi d&#039;assistante m\u00e9dicale en Dordogne\" \/>\n<meta name=\"robots\" content=\"index, follow, max-snippet:-1, max-image-preview:large, max-video-preview:-1\" \/>\n<link rel=\"canonical\" href=\"https:\/\/soignerenperigord.fr\/?page_id=10307\" \/>\n<meta property=\"og:locale\" content=\"fr_FR\" \/>\n<meta property=\"og:type\" content=\"article\" \/>\n<meta property=\"og:title\" content=\"Demande emploi - SoignerEnPerigord\" \/>\n<meta property=\"og:description\" content=\"d\u00e9couvrez les demandes d&#039;emploi d&#039;assistante m\u00e9dicale en Dordogne\" \/>\n<meta property=\"og:url\" content=\"https:\/\/soignerenperigord.fr\/?page_id=10307\" \/>\n<meta property=\"og:site_name\" content=\"SoignerEnPerigord\" \/>\n<meta property=\"article:modified_time\" content=\"2026-08-20T08:59:40+00:00\" \/>\n<meta property=\"og:image\" content=\"https:\/\/soignerenperigord.fr\/wp-content\/uploads\/2023\/12\/demande-emploi-02-300x170.png\" \/>\n<meta name=\"twitter:card\" content=\"summary_large_image\" \/>\n<meta name=\"twitter:label1\" content=\"Est. reading time\" \/>\n\t<meta name=\"twitter:data1\" content=\"4 minutes\" \/>\n<script type=\"application\/ld+json\" class=\"yoast-schema-graph\">{\"@context\":\"https:\/\/schema.org\",\"@graph\":[{\"@type\":\"WebPage\",\"@id\":\"https:\/\/soignerenperigord.fr\/?page_id=10307\",\"url\":\"https:\/\/soignerenperigord.fr\/?page_id=10307\",\"name\":\"Demande emploi - SoignerEnPerigord\",\"isPartOf\":{\"@id\":\"https:\/\/soignerenperigord.fr\/#website\"},\"datePublished\":\"2023-12-06T08:31:31+00:00\",\"dateModified\":\"2026-08-20T08:59:40+00:00\",\"description\":\"d\u00e9couvrez les demandes d'emploi d'assistante m\u00e9dicale en Dordogne\",\"breadcrumb\":{\"@id\":\"https:\/\/soignerenperigord.fr\/?page_id=10307#breadcrumb\"},\"inLanguage\":\"fr-FR\",\"potentialAction\":[{\"@type\":\"ReadAction\",\"target\":[\"https:\/\/soignerenperigord.fr\/?page_id=10307\"]}]},{\"@type\":\"BreadcrumbList\",\"@id\":\"https:\/\/soignerenperigord.fr\/?page_id=10307#breadcrumb\",\"itemListElement\":[{\"@type\":\"ListItem\",\"position\":1,\"name\":\"Home\",\"item\":\"https:\/\/soignerenperigord.fr\/?page_id=1809\"},{\"@type\":\"ListItem\",\"position\":2,\"name\":\"Demande emploi\"}]},{\"@type\":\"WebSite\",\"@id\":\"https:\/\/soignerenperigord.fr\/#website\",\"url\":\"https:\/\/soignerenperigord.fr\/\",\"name\":\"SoignerEnPerigord\",\"description\":\"Un site utilisant WordPress\",\"potentialAction\":[{\"@type\":\"SearchAction\",\"target\":{\"@type\":\"EntryPoint\",\"urlTemplate\":\"https:\/\/soignerenperigord.fr\/?s={search_term_string}\"},\"query-input\":\"required name=search_term_string\"}],\"inLanguage\":\"fr-FR\"}]}<\/script>\n<!-- \/ Yoast SEO plugin. -->","yoast_head_json":{"title":"Demande emploi - SoignerEnPerigord","description":"d\u00e9couvrez les demandes d'emploi d'assistante m\u00e9dicale en Dordogne","robots":{"index":"index","follow":"follow","max-snippet":"max-snippet:-1","max-image-preview":"max-image-preview:large","max-video-preview":"max-video-preview:-1"},"canonical":"https:\/\/soignerenperigord.fr\/?page_id=10307","og_locale":"fr_FR","og_type":"article","og_title":"Demande emploi - SoignerEnPerigord","og_description":"d\u00e9couvrez les demandes d'emploi d'assistante m\u00e9dicale en Dordogne","og_url":"https:\/\/soignerenperigord.fr\/?page_id=10307","og_site_name":"SoignerEnPerigord","article_modified_time":"2026-08-20T08:59:40+00:00","og_image":[{"url":"https:\/\/soignerenperigord.fr\/wp-content\/uploads\/2023\/12\/demande-emploi-02-300x170.png"}],"twitter_card":"summary_large_image","twitter_misc":{"Est. reading time":"4 minutes"},"schema":{"@context":"https:\/\/schema.org","@graph":[{"@type":"WebPage","@id":"https:\/\/soignerenperigord.fr\/?page_id=10307","url":"https:\/\/soignerenperigord.fr\/?page_id=10307","name":"Demande emploi - SoignerEnPerigord","isPartOf":{"@id":"https:\/\/soignerenperigord.fr\/#website"},"datePublished":"2023-12-06T08:31:31+00:00","dateModified":"2026-08-20T08:59:40+00:00","description":"d\u00e9couvrez les demandes d'emploi d'assistante m\u00e9dicale en Dordogne","breadcrumb":{"@id":"https:\/\/soignerenperigord.fr\/?page_id=10307#breadcrumb"},"inLanguage":"fr-FR","potentialAction":[{"@type":"ReadAction","target":["https:\/\/soignerenperigord.fr\/?page_id=10307"]}]},{"@type":"BreadcrumbList","@id":"https:\/\/soignerenperigord.fr\/?page_id=10307#breadcrumb","itemListElement":[{"@type":"ListItem","position":1,"name":"Home","item":"https:\/\/soignerenperigord.fr\/?page_id=1809"},{"@type":"ListItem","position":2,"name":"Demande emploi"}]},{"@type":"WebSite","@id":"https:\/\/soignerenperigord.fr\/#website","url":"https:\/\/soignerenperigord.fr\/","name":"SoignerEnPerigord","description":"Un site utilisant WordPress","potentialAction":[{"@type":"SearchAction","target":{"@type":"EntryPoint","urlTemplate":"https:\/\/soignerenperigord.fr\/?s={search_term_string}"},"query-input":"required name=search_term_string"}],"inLanguage":"fr-FR"}]}},"_links":{"self":[{"href":"https:\/\/soignerenperigord.fr\/index.php?rest_route=\/wp\/v2\/pages\/10307"}],"collection":[{"href":"https:\/\/soignerenperigord.fr\/index.php?rest_route=\/wp\/v2\/pages"}],"about":[{"href":"https:\/\/soignerenperigord.fr\/index.php?rest_route=\/wp\/v2\/types\/page"}],"author":[{"embeddable":true,"href":"https:\/\/soignerenperigord.fr\/index.php?rest_route=\/wp\/v2\/users\/20"}],"replies":[{"embeddable":true,"href":"https:\/\/soignerenperigord.fr\/index.php?rest_route=%2Fwp%2Fv2%2Fcomments&post=10307"}],"version-history":[{"count":31,"href":"https:\/\/soignerenperigord.fr\/index.php?rest_route=\/wp\/v2\/pages\/10307\/revisions"}],"predecessor-version":[{"id":16365,"href":"https:\/\/soignerenperigord.fr\/index.php?rest_route=\/wp\/v2\/pages\/10307\/revisions\/16365"}],"wp:attachment":[{"href":"https:\/\/soignerenperigord.fr\/index.php?rest_route=%2Fwp%2Fv2%2Fmedia&parent=10307"}],"curies":[{"name":"wp","href":"https:\/\/api.w.org\/{rel}","templated":true}]}}

<div id='av_section_1'  class='avia-section av-2e4aqcj-f05e77dd8921880f869855d5ac003173 main_color avia-section-default avia-no-border-styling  avia-builder-el-0  avia-builder-el-no-sibling  avia-bg-style-scroll container_wrap sidebar_right'  ><div class='container av-section-cont-open' ><main  role="main" itemprop="mainContentOfPage"  class='template-page content  av-content-small alpha units'><div class='post-entry post-entry-type-page post-entry-10307'><div class='entry-content-wrapper clearfix'>

<style type="text/css" data-created_by="avia_inline_auto" id="style-css-av-1xlvjz7-21b778601c2da3192bef4c670ef58452">
.flex_column.av-1xlvjz7-21b778601c2da3192bef4c670ef58452{
-webkit-border-radius:0px 0px 0px 0px;
-moz-border-radius:0px 0px 0px 0px;
border-radius:0px 0px 0px 0px;
padding:0px 0px 0px 0px;
}
</style>
<div class='flex_column av-1xlvjz7-21b778601c2da3192bef4c670ef58452 av_one_full  avia-builder-el-1  el_before_av_one_half  avia-builder-el-first  first flex_column_div av-zero-column-padding '     ><style type="text/css" data-created_by="avia_inline_auto" id="style-css-av-1svwarn-6f6073afc4c232433f74987589968f99">
#top .av-special-heading.av-1svwarn-6f6073afc4c232433f74987589968f99{
padding-bottom:10px;
font-size:45px;
}
body .av-special-heading.av-1svwarn-6f6073afc4c232433f74987589968f99 .av-special-heading-tag .heading-char{
font-size:25px;
}
#top #wrap_all .av-special-heading.av-1svwarn-6f6073afc4c232433f74987589968f99 .av-special-heading-tag{
font-size:45px;
}
.av-special-heading.av-1svwarn-6f6073afc4c232433f74987589968f99 .av-subheading{
font-size:15px;
}

@media only screen and (min-width: 480px) and (max-width: 767px){ 
#top #wrap_all .av-special-heading.av-1svwarn-6f6073afc4c232433f74987589968f99 .av-special-heading-tag{
font-size:0.8em;
}
}

@media only screen and (max-width: 479px){ 
#top #wrap_all .av-special-heading.av-1svwarn-6f6073afc4c232433f74987589968f99 .av-special-heading-tag{
font-size:0.8em;
}
}
</style>
<div  class='av-special-heading av-1svwarn-6f6073afc4c232433f74987589968f99 av-special-heading-h2 blockquote modern-quote modern-centered  avia-builder-el-2  avia-builder-el-no-sibling  av-inherit-size av-linked-heading'><h2 class='av-special-heading-tag'  itemprop="headline"  >DEMANDE D’EMPLOI</h2><div class="special-heading-border"><div class="special-heading-inner-border"></div></div></div></div><div class='flex_column av-4fqtk3-90084a2a8f6dccc2bf34ecb9f392e829 av_one_half  avia-builder-el-3  el_after_av_one_full  el_before_av_one_half  first flex_column_div column-top-margin'     ><section  class='av_textblock_section av-lptjwflo-de62dae71fbd40757491677bff7c23c8'  itemscope="itemscope" itemtype="https://schema.org/CreativeWork" ><div class='avia_textblock'  itemprop="text" ><p><img decoding="async" loading="lazy" class="alignnone  wp-image-10316" src="https://soignerenperigord.fr/wp-content/uploads/2023/12/demande-emploi-02-300x170.png" alt="" width="476" height="270" srcset="https://soignerenperigord.fr/wp-content/uploads/2023/12/demande-emploi-02-300x170.png 300w, https://soignerenperigord.fr/wp-content/uploads/2023/12/demande-emploi-02-705x400.png 705w, https://soignerenperigord.fr/wp-content/uploads/2023/12/demande-emploi-02.png 757w" sizes="(max-width: 476px) 100vw, 476px" /></p>
</div></section></div><div class='flex_column av-wmx14z-3f03ea859fac004d5eb1650514c65b78 av_one_half  avia-builder-el-5  el_after_av_one_half  el_before_av_image  flex_column_div column-top-margin'     ><section  class='av_textblock_section av-lptjx7wh-2d5d58a3a7bc2b4a890a68017bbe87d2'  itemscope="itemscope" itemtype="https://schema.org/CreativeWork" ><div class='avia_textblock'  itemprop="text" ><ul>
<li>Aide soignante (DEAS), et titulaire du titre professionnel de secrétaire médicale, recherche un médecin généraliste ou spécialiste souhaitant accueillir une assistante médicale en alternance sur le secteur de PERIGUEUX jusqu&#8217;à 30 km aux environs. Pour tout renseignement, 07 87 02 92 27, <a href="mailto:alexandra.beuffeuil@orange.fr">alexandra.beuffeuil@orange.fr</a></li>
<li>Assistante médicale, PERIGUEUX et alentours, recherche poste en CDI plein temps, disponible à partir de février. Pour tout renseignement, 06 78 87 01 82, <a href="mailto:emilie.coste4733@gmail.com">emilie.coste4733@gmail.com</a></li>
<li>Assistante médicale, secteur SAINT GERMAIN du SALEMBRE, recherche poste, 06 52 16 84 84, <a href="mailto:willdebo@hotmail.fr">willdebo@hotmail.fr</a></li>
<li>Assistante médicale, je recherche un poste, secteur EYLIAC, jusqu&#8217;à 30km. Mes coordonnées : 06 70 95 67 40, <a href="mailto:christelle-doursenaud@orange.fr">christelle-doursenaud@orange.fr</a></li>
<li>Assistante médicale avec expérience, recherche poste secteur SAINT NEXANS (24520) jusqu&#8217;à 30km. Mes coordonnées : 06 12 94 85 14, <a href="mailto:lippens-didier@orange.fr" target="_blank" rel="noopener">lippens-didier@orange.fr</a></li>
<li>Assistante médicale avec expérience, recherche poste mi-tmp, secteur SAINT ASTIER, jusqu&#8217;à 20km. Disponible à partir du 1er août 2025. Mes coordonnées : 06 98 43 51 49, <a href="mailto:lasfarguettesarah@gmail.com" target="_blank" rel="noopener">lasfarguettesarah@gmail.com</a></li>
<li>Secrétaire médicale recherche poste en CDI mi-temps, secteur PERIGUEUX et alentours jusqu&#8217;à 20km. Bilingue anglais, disponible dès le 1 er août. Mes coordonnées : 07 89 03 26 28, <a href="mailto:mariec.jamieson@gmail.com" target="_blank" rel="noopener">mariec.jamieson@gmail.com</a></li>
<li>Secrétaire médicale secteur LALINDE, BEAUMONT, BANEUIL, BELVES, BERGERAC, MAUZAC et GRAND CASTANG, recherche un poste de CDI à temps plein. Mes coordonnées : 06 51 28 28 93, <a href="mailto:sylvied54@yahoo.com" target="_blank" rel="noopener">sylvied24@yahoo.com</a></li>
</ul>
</div></section></div>
<style type="text/css" data-created_by="avia_inline_auto" id="style-css-av-zqjt2b-45fcec0dcc2fe4243d240b4439047671">
.avia-image-container.av-zqjt2b-45fcec0dcc2fe4243d240b4439047671 img.avia_image{
box-shadow:none;
}
.avia-image-container.av-zqjt2b-45fcec0dcc2fe4243d240b4439047671 .av-image-caption-overlay-center{
color:#ffffff;
}
</style>
<div  class='avia-image-container av-zqjt2b-45fcec0dcc2fe4243d240b4439047671 av-styling- avia-align-center  avia-builder-el-7  el_after_av_one_half  avia-builder-el-last '   itemprop="image" itemscope="itemscope" itemtype="https://schema.org/ImageObject" ><div class="avia-image-container-inner"><div class="avia-image-overlay-wrap"><img decoding="async" class='avia-img-lazy-loading-not- avia_image ' src="https://soignerenperigord.fr/wp-content/uploads/2023/12/demande-emploi-01-300x282.png" alt='' title=''   itemprop="thumbnailUrl"  /></div></div></div>
</div></div></main><!-- close content main element --></div></div><div id='after_section_1'  class='main_color av_default_container_wrap container_wrap sidebar_right'  ><div class='container av-section-cont-open' ><div class='template-page content  av-content-small alpha units'><div class='post-entry post-entry-type-page post-entry-10307'><div class='entry-content-wrapper clearfix'>

<!-- This site is optimized with the Yoast SEO plugin v19.13 - https://yoast.com/wordpress/plugins/seo/ -->
<title>Demande emploi - SoignerEnPerigord</title>
<meta name="description" content="découvrez les demandes d&#039;emploi d&#039;assistante médicale en Dordogne" />
<meta name="robots" content="index, follow, max-snippet:-1, max-image-preview:large, max-video-preview:-1" />
<link rel="canonical" href="https://soignerenperigord.fr/?page_id=10307" />
<meta property="og:locale" content="fr_FR" />
<meta property="og:type" content="article" />
<meta property="og:title" content="Demande emploi - SoignerEnPerigord" />
<meta property="og:description" content="découvrez les demandes d&#039;emploi d&#039;assistante médicale en Dordogne" />
<meta property="og:url" content="https://soignerenperigord.fr/?page_id=10307" />
<meta property="og:site_name" content="SoignerEnPerigord" />
<meta property="article:modified_time" content="2026-08-20T08:59:40+00:00" />
<meta property="og:image" content="https://soignerenperigord.fr/wp-content/uploads/2023/12/demande-emploi-02-300x170.png" />
<meta name="twitter:card" content="summary_large_image" />
<meta name="twitter:label1" content="Est. reading time" />
	<meta name="twitter:data1" content="4 minutes" />
<script type="application/ld+json" class="yoast-schema-graph">{"@context":"https://schema.org","@graph":[{"@type":"WebPage","@id":"https://soignerenperigord.fr/?page_id=10307","url":"https://soignerenperigord.fr/?page_id=10307","name":"Demande emploi - SoignerEnPerigord","isPartOf":{"@id":"https://soignerenperigord.fr/#website"},"datePublished":"2023-12-06T08:31:31+00:00","dateModified":"2026-08-20T08:59:40+00:00","description":"découvrez les demandes d'emploi d'assistante médicale en Dordogne","breadcrumb":{"@id":"https://soignerenperigord.fr/?page_id=10307#breadcrumb"},"inLanguage":"fr-FR","potentialAction":[{"@type":"ReadAction","target":["https://soignerenperigord.fr/?page_id=10307"]}]},{"@type":"BreadcrumbList","@id":"https://soignerenperigord.fr/?page_id=10307#breadcrumb","itemListElement":[{"@type":"ListItem","position":1,"name":"Home","item":"https://soignerenperigord.fr/?page_id=1809"},{"@type":"ListItem","position":2,"name":"Demande emploi"}]},{"@type":"WebSite","@id":"https://soignerenperigord.fr/#website","url":"https://soignerenperigord.fr/","name":"SoignerEnPerigord","description":"Un site utilisant WordPress","potentialAction":[{"@type":"SearchAction","target":{"@type":"EntryPoint","urlTemplate":"https://soignerenperigord.fr/?s={search_term_string}"},"query-input":"required name=search_term_string"}],"inLanguage":"fr-FR"}]}</script>
<!-- / Yoast SEO plugin. -->

découvrez les demandes d'emploi d'assistante médicale en Dordogne
