{"id":10184,"date":"2023-11-23T12:19:27","date_gmt":"2023-11-23T11:19:27","guid":{"rendered":"https:\/\/soignerenperigord.fr\/?page_id=10184"},"modified":"2025-05-21T14:18:12","modified_gmt":"2025-05-21T12:18:12","slug":"en-assistant-medical","status":"publish","type":"page","link":"https:\/\/soignerenperigord.fr\/?page_id=10184&lang=en","title":{"rendered":"EN Assistant(e) m\u00e9dical(e)"},"content":{"rendered":"<div id='av_section_1'  class='avia-section av-4koi56w-ef7538c2212513ba3aa9fec65e71ffa8 main_color avia-section-default avia-no-border-styling  avia-builder-el-0  el_before_av_image  avia-builder-el-first  avia-bg-style-scroll container_wrap sidebar_right'  ><div class='container av-section-cont-open' ><main  role=\"main\" itemprop=\"mainContentOfPage\"  class='template-page content  av-content-small alpha units'><div class='post-entry post-entry-type-page post-entry-10184'><div class='entry-content-wrapper clearfix'>\n\n<style type=\"text\/css\" data-created_by=\"avia_inline_auto\" id=\"style-css-av-3w7tr60-bdf0a8fb51eb120a7fab21f382009ca6\">\n.flex_column.av-3w7tr60-bdf0a8fb51eb120a7fab21f382009ca6{\n-webkit-border-radius:0px 0px 0px 0px;\n-moz-border-radius:0px 0px 0px 0px;\nborder-radius:0px 0px 0px 0px;\npadding:0px 0px 0px 0px;\n}\n<\/style>\n<div class='flex_column av-3w7tr60-bdf0a8fb51eb120a7fab21f382009ca6 av_one_full  avia-builder-el-1  avia-builder-el-no-sibling  first flex_column_div av-zero-column-padding '     ><style type=\"text\/css\" data-created_by=\"avia_inline_auto\" id=\"style-css-av-3gvus88-768b653653f76b42796e8138637714f6\">\n#top .av-special-heading.av-3gvus88-768b653653f76b42796e8138637714f6{\npadding-bottom:10px;\nfont-size:45px;\n}\nbody .av-special-heading.av-3gvus88-768b653653f76b42796e8138637714f6 .av-special-heading-tag .heading-char{\nfont-size:25px;\n}\n#top #wrap_all .av-special-heading.av-3gvus88-768b653653f76b42796e8138637714f6 .av-special-heading-tag{\nfont-size:45px;\n}\n.av-special-heading.av-3gvus88-768b653653f76b42796e8138637714f6 .av-subheading{\nfont-size:15px;\n}\n\n@media only screen and (min-width: 480px) and (max-width: 767px){ \n#top #wrap_all .av-special-heading.av-3gvus88-768b653653f76b42796e8138637714f6 .av-special-heading-tag{\nfont-size:0.8em;\n}\n}\n\n@media only screen and (max-width: 479px){ \n#top #wrap_all .av-special-heading.av-3gvus88-768b653653f76b42796e8138637714f6 .av-special-heading-tag{\nfont-size:0.8em;\n}\n}\n<\/style>\n<div  class='av-special-heading av-3gvus88-768b653653f76b42796e8138637714f6 av-special-heading-h1 blockquote modern-quote modern-centered  avia-builder-el-2  avia-builder-el-no-sibling  av-inherit-size av-linked-heading'><h1 class='av-special-heading-tag'  itemprop=\"headline\"  >MEDICAL ASSISTANTS<\/h1><div class=\"special-heading-border\"><div class=\"special-heading-inner-border\"><\/div><\/div><\/div><\/div>\n<\/div><\/div><\/main><!-- close content main element --><\/div><\/div><div id='after_section_1'  class='main_color av_default_container_wrap container_wrap sidebar_right'  ><div class='container av-section-cont-open' ><div class='template-page content  av-content-small alpha units'><div class='post-entry post-entry-type-page post-entry-10184'><div class='entry-content-wrapper clearfix'>\n\n<style type=\"text\/css\" data-created_by=\"avia_inline_auto\" id=\"style-css-av-a512ug-f873abe001f3169f48b66e7a9abea77e\">\n.avia-image-container.av-a512ug-f873abe001f3169f48b66e7a9abea77e img.avia_image{\nbox-shadow:none;\n}\n.avia-image-container.av-a512ug-f873abe001f3169f48b66e7a9abea77e .av-image-caption-overlay-center{\ncolor:#ffffff;\n}\n<\/style>\n<div  class='avia-image-container av-a512ug-f873abe001f3169f48b66e7a9abea77e av-styling- av-hover-grow avia-align-center  avia-builder-el-3  el_after_av_section  el_before_av_section  avia-builder-el-no-sibling '   itemprop=\"image\" itemscope=\"itemscope\" itemtype=\"https:\/\/schema.org\/ImageObject\" ><div class=\"avia-image-container-inner\"><div class=\"avia-image-overlay-wrap\"><img decoding=\"async\" class='wp-image-9491 avia-img-lazy-loading-not-9491 avia_image ' src=\"https:\/\/soignerenperigord.fr\/wp-content\/uploads\/2023\/06\/assitante-medicale-1030x687.jpg\" alt='' title='assitante medicale'  height=\"687\" width=\"1030\"  itemprop=\"thumbnailUrl\" srcset=\"https:\/\/soignerenperigord.fr\/wp-content\/uploads\/2023\/06\/assitante-medicale-1030x687.jpg 1030w, https:\/\/soignerenperigord.fr\/wp-content\/uploads\/2023\/06\/assitante-medicale-300x200.jpg 300w, https:\/\/soignerenperigord.fr\/wp-content\/uploads\/2023\/06\/assitante-medicale-768x512.jpg 768w, https:\/\/soignerenperigord.fr\/wp-content\/uploads\/2023\/06\/assitante-medicale-1536x1024.jpg 1536w, https:\/\/soignerenperigord.fr\/wp-content\/uploads\/2023\/06\/assitante-medicale-2048x1365.jpg 2048w, https:\/\/soignerenperigord.fr\/wp-content\/uploads\/2023\/06\/assitante-medicale-1500x1000.jpg 1500w, https:\/\/soignerenperigord.fr\/wp-content\/uploads\/2023\/06\/assitante-medicale-705x470.jpg 705w\" sizes=\"(max-width: 1030px) 100vw, 1030px\" \/><\/div><\/div><\/div>\n<\/div><\/div><\/div><!-- close content main div --><\/div><\/div><div id='av_section_2'  class='avia-section av-2dyxtt4-fd1f047c2b96a4d1c673a378de898e5d main_color avia-section-default avia-no-border-styling  avia-builder-el-4  el_after_av_image  el_before_av_section  avia-bg-style-scroll container_wrap sidebar_right'  ><div class='container av-section-cont-open' ><div class='template-page content  av-content-small alpha units'><div class='post-entry post-entry-type-page post-entry-10184'><div class='entry-content-wrapper clearfix'>\n\n<style type=\"text\/css\" data-created_by=\"avia_inline_auto\" id=\"style-css-av-1wo6f1k-284644a76d703b1a72bd665a8bc780cc\">\n.flex_column.av-1wo6f1k-284644a76d703b1a72bd665a8bc780cc{\n-webkit-border-radius:0px 0px 0px 0px;\n-moz-border-radius:0px 0px 0px 0px;\nborder-radius:0px 0px 0px 0px;\npadding:0px 0px 0px 0px;\n}\n<\/style>\n<div class='flex_column av-1wo6f1k-284644a76d703b1a72bd665a8bc780cc av_one_full  avia-builder-el-5  avia-builder-el-no-sibling  first flex_column_div av-zero-column-padding '     ><style type=\"text\/css\" data-created_by=\"avia_inline_auto\" id=\"style-css-av-1g24hvs-974997fec4b0aebfad73fec62ae7eb8d\">\n#top .av_textblock_section.av-1g24hvs-974997fec4b0aebfad73fec62ae7eb8d .avia_textblock{\nfont-size:15px;\n}\n<\/style>\n<section  class='av_textblock_section av-1g24hvs-974997fec4b0aebfad73fec62ae7eb8d'  itemscope=\"itemscope\" itemtype=\"https:\/\/schema.org\/CreativeWork\" ><div class='avia_textblock'  itemprop=\"text\" ><div class=\"content-chapo\">\n<h3>Definition :<\/h3>\n<p>Based on the medical assistants that already exist with dentists and ophthalmologists, the government has decided to extend this profession to the practices of general practitioners or specialists (decree of 20 August 2019) Medical assistants support general practitioners and specialists in their day-to-day work. They carry out simple medical procedures and administrative tasks. This gives the doctor back some of his or her medical time for the benefit of patients.<\/p>\n<h3>Framework of professional practice :<\/h3>\n<\/div>\n<p>The post of medical assistant does not replace other health professions involved in the care of patients, it is a function with its own missions. The medical assistant carries out his activity in medical offices, generalists or specialists.<\/p>\n<h3><strong>Area of intervention :<\/strong><\/h3>\n<p>The medical assistant is not a health professional and his proven skills only authorize the performance of examinations with fully automatic devices. The medical assistant can take on three types of mission: &#8211; Administrative tasks &#8211; The preparation and conduct of the consultation &#8211; Organization and coordination missions with making appointments with other health professional<\/p>\n<h3>Skills :<\/h3>\n<p>&#8211; Sense of organization for the management of schedules &#8211; Mastery of office software for managing patient records and appointments &#8211; Communication skills &#8211; Professionalism (medical secrecy, simple medical procedures)<\/p>\n<h3>Training :<\/h3>\n<p>Any holder of one of the following diplomas and titles can exercise the profession of medical assistant: &#8211; The DEI (State Diploma in Nursing) &#8211; The DEAS (State Diploma of Nursing Assistant) &#8211; The DEAP (State Diploma of Auxiliary Childcare) &#8211; The CQP of medical assistant (Professional Qualification Certificate) <strong>Additional training in the form of FAE is mandatory for the first 3 diplomas.<\/strong> This function can be performed by current caregivers, nurses, medical secretaries or any other profile wishing to follow this professional path. In all cases, the medical assistant must be trained or undertake to follow specific training conducted on a work-study basis, open to the Validation of acquired skills (VAE) the content of which has been defined by the social partners within the framework of the collective agreement for staff in medical practices.<\/p>\n<h3>Demography :<\/h3>\n<p>30 in Dordogne<\/p>\n<h3>Job application<\/h3>\n<p>\n<style type=\"text\/css\" data-created_by=\"avia_inline_auto\" id=\"style-css-av-2ua1m2-ff3987e40d5e8ee1db0eebb8b86abb6b\">\n.av_font_icon.av-2ua1m2-ff3987e40d5e8ee1db0eebb8b86abb6b .av-icon-char{\nfont-size:40px;\nline-height:40px;\n}\n<\/style>\n<span  class='av_font_icon av-2ua1m2-ff3987e40d5e8ee1db0eebb8b86abb6b avia_animate_when_visible av-icon-style- avia-icon-pos-left av-no-color avia-icon-animate'><span class='av-icon-char' aria-hidden='true' data-av_icon='\ue80c' data-av_iconfont='entypo-fontello' ><\/span><\/span> Find our job applications <a style=\"font-size: 16px;\" href=\"https:\/\/soignerenperigord.fr\/?page_id=10307\" target=\"_blank\" rel=\"noopener\">here<\/a><\/p>\n<h3>To know more :<\/h3>\n<p><a href=\"https:\/\/www.infrep.org\/formations\/cqp-assistante-medicale\/\" target=\"_blank\" rel=\"noopener\">training at INFREP<\/a><\/p>\n<p><a href=\"https:\/\/www.ameli.fr\/medecin\/exercice-liberal\/vie-cabinet\/aides-financieres\/aide-emploi-assistants-medicaux\" target=\"_blank\" rel=\"noopener\">employment assistance in liberal firms<\/a><\/p>\n<p><a href=\"https:\/\/www.ameli.fr\/medecin\/aide-emploi-assistant-medical?etape=1&amp;hash=eb198\" target=\"_blank\" rel=\"noopener\">a simulator to determine the help you can benefit from<\/a><\/p>\n<p><a href=\"https:\/\/www.letese.urssaf.fr\/portail\/accueil\/s-informer-sur-offre-de-service\/essentiel-du-tese.html\" target=\"_blank\" rel=\"noopener\">the URSSAF declaration system (TESE)<\/a><\/p>\n<p><a href=\"https:\/\/ccn-cabinets-medicaux.fr\/assistants-medicaux\" target=\"_blank\" rel=\"noopener\">collective agreement<\/a><\/p>\n<p><a href=\"https:\/\/www.opcoep.fr\/criteres-de-financement?branche=204\" target=\"_blank\" rel=\"noopener\">financing<\/a><\/p>\n<div class=\"content-chapo\">\n<p class=\"p1\" style=\"text-align: center;\">\n<\/div>\n<\/div><\/section><\/div><\/div><\/div><\/div><!-- close content main div --><\/div><\/div><div id='av_section_3'  class='avia-section av-16zuydk-dc91afce5e6e666a3f04d5d756a9cbe1 main_color avia-section-default avia-no-border-styling  avia-builder-el-8  el_after_av_section  el_before_av_one_full  avia-bg-style-scroll container_wrap sidebar_right'  ><div class='container av-section-cont-open' ><div class='template-page content  av-content-small alpha units'><div class='post-entry post-entry-type-page post-entry-10184'><div class='entry-content-wrapper clearfix'><\/div><\/div><\/div><!-- close content main div --><\/div><\/div><div id='after_section_3'  class='main_color av_default_container_wrap container_wrap sidebar_right'  ><div class='container av-section-cont-open' ><div class='template-page content  av-content-small alpha units'><div class='post-entry post-entry-type-page post-entry-10184'><div class='entry-content-wrapper clearfix'><\/p>\n<div class='flex_column av-qetgy0-c5b4765c4e2b327bd3359bbe22f7ae55 av_one_full  avia-builder-el-9  el_after_av_section  avia-builder-el-no-sibling  first flex_column_div '     ><\/div>\n","protected":false},"excerpt":{"rendered":"","protected":false},"author":20,"featured_media":0,"parent":0,"menu_order":0,"comment_status":"closed","ping_status":"closed","template":"","meta":[],"acf":[],"yoast_head":"<!-- This site is optimized with the Yoast SEO plugin v19.13 - https:\/\/yoast.com\/wordpress\/plugins\/seo\/ -->\n<title>Professionnel de sant\u00e9 - EN Assistant(e) m\u00e9dical(e)<\/title>\n<meta name=\"description\" content=\"Professionnels de sant\u00e9, d\u00e9couvrez le m\u00e9tier d&#039;assistante m\u00e9dicale en Dordogne afin de laisser du temps m\u00e9dical au m\u00e9decin.\" \/>\n<meta name=\"robots\" content=\"index, follow, max-snippet:-1, max-image-preview:large, max-video-preview:-1\" \/>\n<link rel=\"canonical\" href=\"https:\/\/soignerenperigord.fr\/?page_id=10184&lang=en\" \/>\n<meta property=\"og:locale\" content=\"fr_FR\" \/>\n<meta property=\"og:type\" content=\"article\" \/>\n<meta property=\"og:title\" content=\"Professionnel de sant\u00e9 - EN Assistant(e) m\u00e9dical(e)\" \/>\n<meta property=\"og:description\" content=\"Professionnels de sant\u00e9, d\u00e9couvrez le m\u00e9tier d&#039;assistante m\u00e9dicale en Dordogne afin de laisser du temps m\u00e9dical au m\u00e9decin.\" \/>\n<meta property=\"og:url\" content=\"https:\/\/soignerenperigord.fr\/?page_id=10184&amp;lang=en\" \/>\n<meta property=\"og:site_name\" content=\"SoignerEnPerigord\" \/>\n<meta property=\"article:modified_time\" content=\"2025-05-21T12:18:12+00:00\" \/>\n<meta name=\"twitter:card\" content=\"summary_large_image\" \/>\n<meta name=\"twitter:label1\" content=\"Est. reading time\" \/>\n\t<meta name=\"twitter:data1\" content=\"5 minutes\" \/>\n<script type=\"application\/ld+json\" class=\"yoast-schema-graph\">{\"@context\":\"https:\/\/schema.org\",\"@graph\":[{\"@type\":\"WebPage\",\"@id\":\"https:\/\/soignerenperigord.fr\/?page_id=10184&lang=en\",\"url\":\"https:\/\/soignerenperigord.fr\/?page_id=10184&lang=en\",\"name\":\"Professionnel de sant\u00e9 - EN Assistant(e) m\u00e9dical(e)\",\"isPartOf\":{\"@id\":\"https:\/\/soignerenperigord.fr\/#website\"},\"datePublished\":\"2023-11-23T11:19:27+00:00\",\"dateModified\":\"2025-05-21T12:18:12+00:00\",\"description\":\"Professionnels de sant\u00e9, d\u00e9couvrez le m\u00e9tier d'assistante m\u00e9dicale en Dordogne afin de laisser du temps m\u00e9dical au m\u00e9decin.\",\"breadcrumb\":{\"@id\":\"https:\/\/soignerenperigord.fr\/?page_id=10184&lang=en#breadcrumb\"},\"inLanguage\":\"fr-FR\",\"potentialAction\":[{\"@type\":\"ReadAction\",\"target\":[\"https:\/\/soignerenperigord.fr\/?page_id=10184&lang=en\"]}]},{\"@type\":\"BreadcrumbList\",\"@id\":\"https:\/\/soignerenperigord.fr\/?page_id=10184&lang=en#breadcrumb\",\"itemListElement\":[{\"@type\":\"ListItem\",\"position\":1,\"name\":\"Home\",\"item\":\"https:\/\/soignerenperigord.fr\/?page_id=1809\"},{\"@type\":\"ListItem\",\"position\":2,\"name\":\"EN Assistant(e) m\u00e9dical(e)\"}]},{\"@type\":\"WebSite\",\"@id\":\"https:\/\/soignerenperigord.fr\/#website\",\"url\":\"https:\/\/soignerenperigord.fr\/\",\"name\":\"SoignerEnPerigord\",\"description\":\"Un site utilisant WordPress\",\"potentialAction\":[{\"@type\":\"SearchAction\",\"target\":{\"@type\":\"EntryPoint\",\"urlTemplate\":\"https:\/\/soignerenperigord.fr\/?s={search_term_string}\"},\"query-input\":\"required name=search_term_string\"}],\"inLanguage\":\"fr-FR\"}]}<\/script>\n<!-- \/ Yoast SEO plugin. -->","yoast_head_json":{"title":"Professionnel de sant\u00e9 - EN Assistant(e) m\u00e9dical(e)","description":"Professionnels de sant\u00e9, d\u00e9couvrez le m\u00e9tier d'assistante m\u00e9dicale en Dordogne afin de laisser du temps m\u00e9dical au m\u00e9decin.","robots":{"index":"index","follow":"follow","max-snippet":"max-snippet:-1","max-image-preview":"max-image-preview:large","max-video-preview":"max-video-preview:-1"},"canonical":"https:\/\/soignerenperigord.fr\/?page_id=10184&lang=en","og_locale":"fr_FR","og_type":"article","og_title":"Professionnel de sant\u00e9 - EN Assistant(e) m\u00e9dical(e)","og_description":"Professionnels de sant\u00e9, d\u00e9couvrez le m\u00e9tier d'assistante m\u00e9dicale en Dordogne afin de laisser du temps m\u00e9dical au m\u00e9decin.","og_url":"https:\/\/soignerenperigord.fr\/?page_id=10184&lang=en","og_site_name":"SoignerEnPerigord","article_modified_time":"2025-05-21T12:18:12+00:00","twitter_card":"summary_large_image","twitter_misc":{"Est. reading time":"5 minutes"},"schema":{"@context":"https:\/\/schema.org","@graph":[{"@type":"WebPage","@id":"https:\/\/soignerenperigord.fr\/?page_id=10184&lang=en","url":"https:\/\/soignerenperigord.fr\/?page_id=10184&lang=en","name":"Professionnel de sant\u00e9 - EN Assistant(e) m\u00e9dical(e)","isPartOf":{"@id":"https:\/\/soignerenperigord.fr\/#website"},"datePublished":"2023-11-23T11:19:27+00:00","dateModified":"2025-05-21T12:18:12+00:00","description":"Professionnels de sant\u00e9, d\u00e9couvrez le m\u00e9tier d'assistante m\u00e9dicale en Dordogne afin de laisser du temps m\u00e9dical au m\u00e9decin.","breadcrumb":{"@id":"https:\/\/soignerenperigord.fr\/?page_id=10184&lang=en#breadcrumb"},"inLanguage":"fr-FR","potentialAction":[{"@type":"ReadAction","target":["https:\/\/soignerenperigord.fr\/?page_id=10184&lang=en"]}]},{"@type":"BreadcrumbList","@id":"https:\/\/soignerenperigord.fr\/?page_id=10184&lang=en#breadcrumb","itemListElement":[{"@type":"ListItem","position":1,"name":"Home","item":"https:\/\/soignerenperigord.fr\/?page_id=1809"},{"@type":"ListItem","position":2,"name":"EN Assistant(e) m\u00e9dical(e)"}]},{"@type":"WebSite","@id":"https:\/\/soignerenperigord.fr\/#website","url":"https:\/\/soignerenperigord.fr\/","name":"SoignerEnPerigord","description":"Un site utilisant WordPress","potentialAction":[{"@type":"SearchAction","target":{"@type":"EntryPoint","urlTemplate":"https:\/\/soignerenperigord.fr\/?s={search_term_string}"},"query-input":"required name=search_term_string"}],"inLanguage":"fr-FR"}]}},"_links":{"self":[{"href":"https:\/\/soignerenperigord.fr\/index.php?rest_route=\/wp\/v2\/pages\/10184"}],"collection":[{"href":"https:\/\/soignerenperigord.fr\/index.php?rest_route=\/wp\/v2\/pages"}],"about":[{"href":"https:\/\/soignerenperigord.fr\/index.php?rest_route=\/wp\/v2\/types\/page"}],"author":[{"embeddable":true,"href":"https:\/\/soignerenperigord.fr\/index.php?rest_route=\/wp\/v2\/users\/20"}],"replies":[{"embeddable":true,"href":"https:\/\/soignerenperigord.fr\/index.php?rest_route=%2Fwp%2Fv2%2Fcomments&post=10184"}],"version-history":[{"count":17,"href":"https:\/\/soignerenperigord.fr\/index.php?rest_route=\/wp\/v2\/pages\/10184\/revisions"}],"predecessor-version":[{"id":13037,"href":"https:\/\/soignerenperigord.fr\/index.php?rest_route=\/wp\/v2\/pages\/10184\/revisions\/13037"}],"wp:attachment":[{"href":"https:\/\/soignerenperigord.fr\/index.php?rest_route=%2Fwp%2Fv2%2Fmedia&parent=10184"}],"curies":[{"name":"wp","href":"https:\/\/api.w.org\/{rel}","templated":true}]}}